 453) + (1 - 0) + -4 + 13.
18
(8 + -12 - -14) + (-2 + -2 - 2)
4
What is -1 + 3 - 30 - (-7 + 14)?
-35
-11 + 4 + -5 + -1 + -8 + 5
-16
What is (6 + (-7 - -3) - 4) + (5 - -2)?
5
What is the value of (10 - -1 - (-130 + 156)) + -4?
-19
What is 8 - (0 + 1) - (-21 + -8 + 25)?
11
Evaluate 0 + 2 + -2 + (2 - (7 + -9)).
4
What is -14 - 3 - -3 - (36 - 34)?
-16
Evaluate 5 - (4 + (-5 - (4 - 5)) - -5).
0
What is -18 + (3 - (9 - 21))?
-3
-30 + (-55 - -80) - (-2 + 1 + 2)
-6
Evaluate -10 - -20 - (6 - (-18 + 2)).
-12
What is the value of 0 - -3 - 2 - (14 + -5 - 4)?
-4
What is 16 + -9 + 19 + -10 - 33?
-17
What is -5 + -2 - -4 - -12?
9
Evaluate -14 + 2 + 3 + (4 - -2).
-3
What is 23 + (37 - 22 - 24)?
14
Calculate 9 + -39 + 32 + 17 + 0.
19
What is -2 + 6 + 0 - (-3 + -19 + 25)?
1
What is the value of -5 + (-5 - -20) + (6 + -17 - -5)?
4
(-6 - (6 - 10)) + -7 + 2
-7
What is the value of 27 + (9 - 49) + -26?
-39
What is the value of 11 + (-4 + (9 - -12) - 16)?
12
-13 + -1 + (-2 - -19 - 9)
-6
What is 12 - (13 + -26 + 20)?
5
Evaluate (-3 - (-12 + 1 + 59 + -49)) + 19.
17
Evaluate -35 - (11 + -37) - (-5 - 1).
-3
What is 96 + -119 + 6 + -2?
-19
Calculate 3 + -3 + 6 + (4 - 1).
9
Calculate (9 - (7 + -11)) + (1 - 0).
14
Calculate -3 - ((38 - 33 - 3) + (-3 - 0)).
-2
(-16 - 0) + -376 + 389
-3
What is (-6 + 0 - (11 - 24)) + 14?
21
164 + -132 + (1 - 14) + 1 + 2
22
Calculate 10 + -21 + -1 + 6.
-6
What is -12 + 42 + -42 + -13?
-25
What is 12 + -24 + 21 + -8 + 0 - -20?
21
Calculate -1 - (1 + 7 + (-23 + 7 - -16)).
-9
What is (7 - -70 - 30) + -76?
-29
2 + 2 - (29 + -38) - (5 - 3)
11
21 + (-225 - -241) + (2 - 2)
37
-1 + -6 + (41 - (-1 - -32))
3
-22 + -1 + (1498 - 1493)
-18
Calculate -16 - (-119 + 98) - (1 + -12 - -1).
15
(12 - 0 - 33) + 8 + -12
-25
-1 + 0 - (1 + -21 + 37 + -22)
4
What is 10 + (-2 - (-11 - -11)) - 13?
-5
What is the value of -31 - (-39 - -20 - 27)?
15
What is the value of (-4 - -1) + -30 + 3 + 33?
3
Evaluate 17 - 16 - -13 - (-8 + 1).
21
What is 39 + -39 - (-1 - -4)?
-3
What is the value of 11 + -23 + 72 + -41?
19
What is -4 + 5 + -4 + -5 + 10?
2
-28 + 22 + 19 + -22
-9
Evaluate (0 - 0) + (4 + 2 + 4 - 21).
-11
Calculate (4 - (5 - (5 + -4 + -3))) + -1.
-4
What is (5 - -29) + -1 + -1 + 44 + -39?
37
(-24 - -29) + (-6 - -2)
1
What is 4 - 1 - (10 - (-7 + 18))?
4
What is the value of 4 + -15 + -3 - 0?
-14
Calculate 0 + -6 - (-33 - (-1 + 7 + -15)).
18
-16 + 5 + 22 + -11
0
Evaluate (0 - -7) + (21 - (-16 - 4 - -23)).
25
(5 - (-5 + 2 + 4)) + -9 + 1
-4
Evaluate -210 + 235 + -3 + -2.
20
-28 + 18 + (-20 - -29)
-1
Evaluate -5 - (-15 - -5 - (-3 + 3) - -6).
-1
0 + -20 + (19 - (-9 + 11 + 13))
-16
7 - (-14 - (-10 + 7 - 2 - -8))
24
What is the value of 4 + (2 + 2 - (-50 + 62))?
-4
-15 + -3 + -2 + -2 + 14
-8
-8 + (35 + -17 - 26)
-16
What is the value of (-5 - -7) + (-5 + 7 - -6) + 2?
12
What is the value of -8 + -1 + (-1 - -8) + 10?
8
Evaluate -2 - -18 - (34 - (-3 - -31)).
10
What is the value of -8 + 2 + 15 + 5 + -16?
-2
What is the value of 8 + (-49 + 57 - (-1 - -7))?
10
Evaluate -2 + (3 - 0) - (28 + -13 + -21).
7
What is 1 - 0 - (6 - (-2 - -20))?
13
-5 + 7 + -3 + (-5 - -10) - 20
-16
What is 77 + -82 + (1 - 0)?
-4
18 + -27 + -4 + 10
-3
Calculate 27 + (-6 + 0 - 6) + -6.
9
1 - (13 - (0 + -7 + 10))
-9
(9 - (5 + 6)) + 5
3
Evaluate 0 - (8 + 5 + -18 + -7).
12
Evaluate 10 - (-15 - -19) - (0 + -4 + 28).
-18
Calculate (1 - (13 + -2)) + -15 + 12 + 10.
-3
What is the value of -3 + 24 - (113 + -106)?
14
-6 + 9 + (-1 - 2) - (-2 - 3)
5
-7 + (26 - 26) - (-1 - (2 + 22))
18
39 + (23 - (63 + -11))
10
Evaluate 2 - ((0 - (11 - 8)) + 3 + 16).
-14
Evaluate (57 - (45 + -5)) + 0.
17
Calculate (0 - -3) + (27 - 31) + (-3 - -9).
5
-31 + (0 - 6) + -1 + 17
-21
Calculate 6 - (8 + (2 - 2 - 0)) - -4.
2
Evaluate (2 - (11 - 20)) + -6.
5
Evaluate 7 - (12 + -1) - -13.
9
Evaluate (43 - 0 - 8) + -19.
16
What is 12 + -20 + (-8 - -31)?
15
What is the value of 6 + 0 + -2 + 0 + 2 + 4?
10
Evaluate -9 + (38 - 43) + -9 + -2.
-25
Calculate (-147 - -82 - -61) + 1 + -8.
-11
What is -1 + 0 + (16 + (17 - 9) - -6)?
29
(-63 - (32 + -86)) + (15 - 1)
5
-3 - 12 - (32 - 44) - -1
-2
-13 + 2 + 6 + (3 - 3)
-5
(-73 - -67) + 4 + -6 + 2
-6
What is 19 - 25 - -16 - (2 + 1)?
7
What is the value of (-12 - -8) + 11 - (-9 - -9)?
7
What is the value of (9 - 2) + (49 + 4 - 34)?
26
What is -57 - -12 - (25 + -34)?
-36
Calculate -11 + 7 + 4 + 14.
14
Evaluate -43 + 44 - (-4 + 0 + 4).
1
Evaluate 4 - (-4 + 11 + 3 + -6) - -13.
13
What is (3 - -1) + (-43 - -39) - (15 + -1)?
-14
What is -12 - (-5 + -23) - (6 - 1)?
11
Evaluate 3 - 19 - -8 - (1 - 7) - -9.
7
-1 + -2 + -29 + 46 - 7
7
Evaluate -1131 + 1145 - (37 + -1).
-22
Evaluate 54 + -30 + (1 - 7) + (-2 - 0).
16
What is -10 - (-1 + -3) - 1?
-7
What is 2 + -2 - (-9 - -8) - 6 - 5?
-10
Evaluate -17 - (-26 + (23 - 14)).
0
9 + (-2 + 15 - 15)
7
Evaluate -15 + -5 - (-18 + 25 + (4 - 7)).
-24
Evaluate (83 - 94) + 0 + 22.
11
Calculate -356 - -359 - (2 + -13).
14
Calculate -77 - -102 - (-2 - -7).
20
Calculate -18 + 14 - (-3 + 2 - 5).
2
Evaluate -18 + 26 - (-8 - -3 - -12).
1
0 + (-1 + 14 - (-79 + 79))
13
What is (4 - (10 + -8) - -4) + -4?
2
-13 + (29 - (19 + -5))
2
Calculate (3 - -27 - 47) + 12.
-5
Calculate (9 + -7 - -18 - 11) + -23.
-14
What is -8 + -8 + 42 - (14 + -5 + -2)?
19
Calculate 3 + -2 + -61 + 55 + 1 + 0.
-4
Evaluate (1 + -9 - (16 + -28)) + 1 + -8.
-3
Calculate -2 + -1 - (10 + -23 + 25 + -17).
2
What is (37 - 21) + 2 + -19?
-1
5 - (6 + -3) - (31 + -17)
-12
Evaluate -2 - 0 - 8 - (1476 + -1477).
-9
14 + 5 + (-14 - -5 - 4)
6
Evaluate -4 - (-29 + 58 - 33).
0
-4 + 8 + (-4 - (5 - -9))
-14
Calculate -1 + (-6 - (5 - (-5 - 2) - 9)).
-10
What is (-1031 - -1029) + 0 + 17?
15
What is the value of (-27 - -3) + 28 + 24?
28
Evaluate 22 - ((-40 - -116) + -36).
-18
7 + -14 + -21 + 23
-5
What is the value of 63 - (4 - -5 - -21)?
33
Calculate 2 + -1 - (-14 + 23 + -4 + 1).
-5
What is -1 + -6 + -9 + 30?
14
Calculate -2 - 5 - (5 - 8) - 7 - -7.
-4
Calculate (7 - (13 + -7)) + -5 + 0 + 2.
-2
Calculate -1 + (2 - 2 - 2) + (-82 - -80).
-5
What is the value of 28 - 30 - (2 + (-4 - (-1 - 1)))?
-2
Evaluate (0 - -6) + -7 + (-22 - -33).
10
-1 + 15 - (-24 - -16) - 10
12
Calculate 3 + (6 - ((3 - -3) + -5 + 0)).
8
4 + -9 + (-1 - -2) - 3
-7
(-31 - -25) + (-11 - (-2 - (-3 - -4)))
-14
-27 + (-6 - (-9 + -10)) - (0 - -2)
-16
Evaluate 5 - -1 - (-11 + (6 - -14) + -7).
4
Evaluate 5 + -1 + -9 - ((-9 - -5) + -5).
4
Calculate 3 + ((-15 - -3) + 7 - -6) + -7.
-3
Evaluate 41 + (8 - (43 + -11)).
17
What is the value of -10 - -2 - -10 - 1 - -15?
16
Evaluate -3 + (10 - 5) + 0 + 13.
15
What is -7 + (-1 - 0) - (-15 + 3 + 4)?
0
What is 25 + -18 + (-53 - -11)?
-35
Evaluate -9 + (1 - 0) - (0 + -6 - -25).
-27
4 + -27 - 2 - -19
-6
-365 + 346 + 44 + 4
29
31 - -5 - 40 - (6 + 0)
-10
(4 - (6 - 14 - -31)) + (10 - 1)
-10
11 + (19 + -16 - (4 + 9)) - 3
-2
(15 - -20) + -11 - 30
-6
What is (67 - 94 - (1 - 9)) + 7?
-12
Calculate 324 + -336 + (-5 + 3 - (0 - -5)).
-19
What is the value of (2 - 3) + 28 + -7?
20
Calculate 14 + (-24 + 21 - (2 + -1)).
10
What is the value of (-7 - (4 + -7 + -3)) + 6 + -4?
1
Evaluate (0 - 1) + 4 - -1 - (9 + -16).
11
What is the value of 16 + (1 - (5 + -4)) + (-7 - 0)?
9
What is the value of 8 + (-10 - 0 - (7 - 20))?
11
Evaluate 10 - (4 + 18 + -14).
2
What is the value of -12 - -2 - (-2 - 15 - -16) - -39?
30
4 - (9 + (4 - 5)) - (0 + -5)
1
What is 3 + (-3 + 3 + (-15 - -8) - -16)?
12
What is the value of 2 - (4 - (10 - 0)) - 10?
-2
Calculate -11 - (-3 - (-8 - (1 - (6 - 4)))).
-15
What is -8 + 1 + (10 - (-12 + 20 + -8))?
3
What is 11 - (-22 - (-5 - 18))?
10
-6 - (10 + -15 + 10 - (2 - 1))
-10
-50 + -4 - (77 - 105)
-26
14 + (-10 - -3 - (1 + 0))
6
Evaluate (31 - (16 - -10)) + 6.
11
13 + (-12 - (10 + (1 - 5)))
-5
Calculate -1 + -26 + 7 + -1 - -6.
-15
What is the value of -10 - (18 - 7 - 14)?
-7
-1 - -11 - (-37 - -39) - 3
5
What is 16 + 4 + (-18 - -2)?
4
Calculate -7 + -15 + 17 + 11.
6
What is the value of (-15 - 4) + 9 + (13 - 26)?
-23
Evaluate 13 - (20 + -5 + 4).
-6
(-141 - -138) + 0 + 16 + -1 + -1
11
Calculate 9 + -26 + 15 + -1 + 1.
-2
What is 17 + 0 + 318 + -329?
6
What is 46 - (-40 + (-12 - -74))?
24
What is 10 + (4 - (-2 + 7))?
9
What is the value of -6 - (8 - (-8 - 23 - -14))?
-31
What is (-1 - (14 + -2)) + (-424 - -418)?
-19
(-6 + (8 + -16 - -16) - -9) + 15
26
Ca